-9 - -2?
-2
What is (15 - 9) + -1 - 8?
-3
What is the value of -2 - 2 - (1 + 0) - -9?
4
What is (4 - (3 - 2)) + 1?
4
What is the value of -3 + (7 - 1) + (15 - 17)?
1
-1 + 0 - (5 - (3 - 0))
-3
Calculate 3 + -4 + -2 + (20 - 27).
-10
Evaluate 13 + -9 + -11 - -6.
-1
What is the value of (-6 - 0) + (54 - 50)?
-2
Evaluate (-5 - -3) + 2 + -7.
-7
Calculate 2 + 0 + -5 + (7 - 8).
-4
Evaluate 0 - (6 + -1 + -2).
-3
Evaluate (2 - 0) + (-9 - -3).
-4
-2 + 2 + -1 + -4
-5
Calculate -4 - -5 - (7 - 1).
-5
What is the value of (13 - 10 - 0) + 5?
8
What is the value of 1 + (10 + -6 - 1)?
4
What is the value of 17 + -6 - 5 - (4 + 1)?
1
Calculate 3 - (-6 + (3 - -1)).
5
-3 + 1 + -4 - (8 - 9)
-5
2 - ((3 - 11) + 11)
-1
Evaluate 1 + (1 - (0 - 3)).
5
Evaluate 4 + 0 - (1 + (-8 - -6)).
5
11 - (-6 + -8 + 20)
5
Evaluate -1 + (-9 - (3 + -6) - -1).
-6
What is 1 + 0 - (3 + -2)?
0
What is -8 - (-5 - (-6 - -2)) - -2?
-5
6 - (-1 + 1 - (15 + -19))
2
Calculate 11 - -1 - 7 - (0 + 1).
4
Evaluate -1 - 4 - -13 - 4 - 11.
-7
What is (1 - (5 + -2)) + (6 - 8)?
-4
What is -1 + 2 + (-38 - -44)?
7
Evaluate -2 + -4 + 7 - (-3 - -6).
-2
-9 - (3 + -18) - 0
6
Evaluate (3 - -2) + -4 + 0.
1
What is the value of -5 + 3 + -4 + 1?
-5
What is the value of -9 + 4 - (-9 + (-2 - 0))?
6
Evaluate -3 + 4 + -3 + -1.
-3
Calculate 4 + 1 + (-1 - 5) + 0.
-1
What is the value of 22 + -11 + -12 + 7?
6
Calculate -2 + (1 - -2 - (12 + -6)).
-5
Calculate (1 - 6) + 8 + -8.
-5
What is the value of -5 + 2 + 5 - -1?
3
Evaluate 4 - (-9 + 5 + 4 + 3).
1
What is the value of -1 - (-3 + (16 - 5 - 5))?
-4
What is the value of (11 - (0 - (2 - 6))) + -2?
5
What is (-11 - -8 - -3) + (-8 - -4)?
-4
What is the value of (7 - 5) + (-1 + -2 - -2)?
1
What is -4 + (3 - -3) + -5 - 1?
-4
What is 1 + 1 - ((10 - 7) + -1)?
0
What is -1 + 1 - 5 - -3 - 1?
-3
-1 + 0 + 3 + 3
5
4 - (4 + -2 + -5)
7
Calculate 4 - (13 + (-10 - 1)).
2
Calculate (1 - ((2 - -3) + -1)) + -2.
-5
Calculate 1 + -6 + (4 + -4 - -1).
-4
(2 - -1 - 8) + 1
-4
Calculate 0 + -4 - (-105 - -93).
8
What is (-4 - (8 + -7)) + -1 + 11?
5
What is -1 + 1 - (-1 - -6)?
-5
Calculate 18 + -14 + -5 + 7.
6
Evaluate 1 + 0 - (-6 + 2 + 4).
1
15 + -1 - (-40 + 64)
-10
-5 + (6 + 4 - 3)
2
Calculate 3 + 5 - (-4 + 5 + -1).
8
What is the value of (-4 + -5 - -6) + 8?
5
(-2 - -2) + 7 + -5 + 3
5
What is (12 - -2) + (34 - 42)?
6
4 - -3 - (-1 - -9)
-1
What is the value of 0 + -2 - (-2 - (3 + 0))?
3
Calculate 9 + (-4 + 7 + -14 - -8).
6
11 + -2 + (1 - 12)
-2
Calculate 8 + -24 + (15 - 4).
-5
What is the value of -50 + 55 - (6 - (0 - -2))?
1
Calculate (-9 - -19) + (7 - 7).
10
-10 + (-6 + 9 - -2)
-5
Calculate 2 - (-11 + (22 - 5)).
-4
Evaluate 1 + (1 - -2) + 9 + -11.
2
(20 - 14) + 1 + (-2 - 0)
5
What is 6 + (4 - (1 - -2)) + -3?
4
What is the value of -7 + 5 - (0 + (1 - 3))?
0
Calculate (-4 - (6 - 6)) + 5.
1
-9 - (7 - (-4 - -17))
-3
Evaluate 3 + 0 + -9 - (-11 + 8).
-3
What is (-4 - -5) + 3 + (1 - 6)?
-1
Calculate -9 + (12 - (6 + 2)).
-5
Calculate (-5 - (-10 - 5)) + -1.
9
What is (-1 - -9) + -1 + -2?
5
What is (-2 - -2 - (-10 - -12)) + -3?
-5
What is 17 - ((3 - -3) + 4)?
7
Calculate -2 + 9 + -9 + -1 + 0.
-3
What is the value of -10 + 7 - (-15 + 18)?
-6
Evaluate 7 - (10 + 1 + 2) - -9.
3
What is -8 + 2 - (71 + -75)?
-2
What is the value of (9 - (5 - -1)) + -1?
2
Evaluate 12 + -6 + -1 + -10.
-5
Evaluate -2 - (4 + 0 + (-6 - -3)).
-3
Calculate 3 + (5 - 4 - 6).
-2
Evaluate -6 + 10 + -6 - -4.
2
Evaluate -1 + (-8 + -1 - -5).
-5
What is 15 - 10 - (7 - -1) - 4?
-7
What is 1 - (-2 + (3 - 1 - 0))?
1
What is the value of 2 + (-2 - (0 - 5))?
5
What is the value of 2 + (-3 - 5 - 0)?
-6
What is -7 + (22 - 9 - (2 + -3))?
7
What is 0 + (-2 - -2) + (2 - 0)?
2
Evaluate (-25 - -33) + (-2 - 1).
5
What is 1 - (-19 + 14 - -11)?
-5
Evaluate 4 + -2 + 8 + -6.
4
What is -6 + (1 + 6 - 2)?
-1
Evaluate 7 - (10 + (-10 - -5)) - 4.
-2
-8 + 12 - -5 - 5
4
What is 1 + 0 + 3 + (3 - 5)?
2
(-5 - -11) + -18 - -22
10
Evaluate -2 + (-6 - -3 - -1).
-4
Evaluate -32 + 37 - (2 - 2).
5
Evaluate -3 - (-5 - (-2 + 1 + -2)).
-1
13 - (-8 - (1 - 20))
2
Calculate 7 + (5 - 7) - 9.
-4
Calculate -14 + -13 + 14 + 13.
0
-7 - -1 - (-47 - -18 - -17)
6
(3 - 2) + -4 + 6
3
-2 - (4 - (-4 + 1 - -7))
-2
Calculate 4 - 2 - 5 - (2 - 2).
-3
What is the value of (-16 - -9) + -2 - -7?
-2
0 + -7 + 8 + -9
-8
Evaluate (-7 + (-2 - -4) - 1) + 4.
-2
Evaluate 0 + 1 + -8 + (7 - -1).
1
-3 - (-5 + 4 - (-2 + 5))
1
Evaluate 3 + 1 + (-1 - (-3 - -1)).
5
Calculate -8 + 4 + 9 - 10.
-5
What is the value of 13 - (2 + -13 + 17)?
7
What is 7 - (-6 - -5 - 3 - -10)?
1
Evaluate 1 + (11 + -4 - 4).
4
Evaluate (-41 - -29) + (-3 + 0 - -4).
-11
Calculate 19 + -26 + 3 + -2 + 4.
-2
Calculate (-3 + 4 - -1) + 2.
4
Evaluate 9 - 9 - (-2 + 2 - 0).
0
Calculate -24 + 15 + 6 + 1.
-2
What is 4 - 10 - (-2 - 1)?
-3
Evaluate 2 - (-11 + 15 + -1).
-1
Calculate 0 - 3 - (0 + 2 + -3).
-2
What is 4 + -1 + -1 - 2 - -4?
4
What is the value of 7 - (2 - (-5 + (-4 - -10)))?
6
Evaluate -9 + 1 + (43 - 41).
-6
Calculate -18 + 26 - (-2 - -5).
5
(3 - 0) + (-9 - (3 - 8))
-1
Evaluate -2 + (34 - 24 - (1 - -4)).
3
What is the value of -4 + 6 + -3 + -2?
-3
Calculate 1 + -7 - (8 + -9).
-5
What is -30 - -28 - (-4 + -1)?
3
What is -3 + 1 + (0 - -1) + 4?
3
Evaluate -55 + 49 + 0 + 5.
-1
What is 0 + -1 + -1 + 3?
1
Calculate 2 - (6 + (-2 - 0) - 1).
-1
Calculate 3 - (-2 - (3 + -2 - 1)).
5
What is -2 - -2 - (-2 + 2)?
0
-6 - (4 - (9 - (4 - 4)))
-1
Evaluate -9 + (0 + 2 + -3 - -5).
-5
Calculate (0 + 3 - 9) + 2.
-4
Evaluate 2 + -3 + 1 + (-2 - -3).
1
What is (82 - 83) + 0 + 2?
1
Evaluate 8 + (2 - (15 - 4)).
-1
Calculate 4 - 2 - (3 - 2).
1
Calculate -1 - -3 - (62 + -63).
3
67 + -63 - (14 + -2)
-8
Calculate 7 - 5 - (-2 + -7 + 7).
4
Evaluate (-1 - (2 - -6)) + 8.
-1
Evaluate (26 - 33) + 4 + -2.
-5
What is 1 + (0 - -4) + (-84 - -71)?
-8
4 + (-7 - -2) - 2
-3
1 - (-2 - -5 - (2 - -3))
3
Calculate 2 + -3 + (4 - -1 - 2).
2
1 - (-7 - (-13 - -8))
3
What is the value of 0 + 2 - (-33 - -37)?
-2
Evaluate (-3 - -1) + 1 + -3.
-4
Evaluate 0 - (4 - 5) - (-1 - -1).
1
What is the value of (0 - (1 + -13)) + -21?
-9
Evaluate -2 + (-5 - -10 - 6) + -4.
-7
6 - (-16 + 16 - (0 - 2))
4
3 - (-3 + 2 - 6 - -14)
-4
Evaluate 4 - (4 - (-4 - -9)).
5
Calculate 5 + 6 + 8 + -24.
-5
Evaluate 3 + 2 + 3 + -14 + 2.
-4
Calculate -25 + 24 - (-1 - 2).
2
Calculate 5 - (5 + (-1 - -3)).
-2
Calculate -2 + 4 + 3 + (2 - 2).
5
What is the value of (-2 - 4) + 0 + 5?
-1
Calculate -2 + -12 - (8 - 19).
-3
Calculate -4 - ((0 - -6) + -8).
-2
3 + 2 + -2 - 10 - -12
5
Evaluate -5 - ((-13 - -11) + -4).
1
What is the value of 3 + 0 + 0 + -4?
-1
What is the value of 12 + -18 + (11 - (-4 + 9))?
0
What is the value of (-2 - (3 - 8)) + (2 - 0)?
5
Calculate 0 + -3 + (1 - (0 - 2)).
0
(-2 - -2) + (1 - -8) + -5
4
What is -4 + 2 - (-2 + -3 + 6)?
-3
What is 12 + -7 + (-8 - 0) + 7?
4
Calculate (2 - -2) + -3 + -5.
-4
Calculate 6 + -1 - 0 - 3.
2
Evaluate -1 + (-7 - (-6 - -4)) + 6.
0
What is the value of 5 + -7 + (4 - (6 - 4))?
0
Evaluate (1 - -6 - (1 - -2)) + -3.
1
0 + 10 + -4 + -2 + -6
-2
What is -4 - (0 + -6 - (-1 + -5))?
-4
Evaluate -4 - (1 - -5 - 9).
-1
Calculate (-12 + 3 - -3) + 36 + -21.
9
Calculate (4 - (0 + -5 + 8)) + -7.
-6
(0 - -1) + -10 + 26 + -17
0
(2 - -12) + -86 + 81
9
Evaluate 2 + -1 - (-13 + (-3 - -13)).
4
Evaluate 7 + (-17 - (-3 - 1)).
-6
What is (1 - -1) + 3 + (-6 - -3)?
2
Calculate -3 + 13 + -8 + -4.
-2
What is the value of -5 - (-3 - (0 + 0)) - 2?
-4
-3 + 9 + -8 + 7 + -1
4
(-23 - -24) + (-1 - -2)
2
What is 8 + -9 + -2 + 7 + 2?
6
-51 + 58 - (5 - -1)
1
Evaluate 0 + -2 - -3 - (-16 + 19).
-2
Evaluate -11 + (-4 - -28) - 4.
9
What is the value of 2 + (-3 - -5) + -2?
2
What is the value of (-3 - (-6 + 5) - -3) + -2?
-1
-9 - -5 - (5 + -6 - -1)
-4
Calculate -7 + 7 - 7 - (-13 + 6).
0
-10 - ((-10 - 3) + 7)
-4
Evaluate -3 - 1 - (14 - 14).
-4
What is the value of 0 + 1 + -3 + -6 + 10?
2
What is 1 + 3 + -3 + 4 - 1?
4
What is the value of 2 + -4 + (1 - 3) - -1?
-3
Evaluate -1 - (0 + 7 - 3).
-5
Evaluate 14 + (-27 - (-7 + -7)).
1
3 + -10 + 7 + -4
-4
What is the value of 0 + -1 + (23 - (6 - -10))?
6
What is the value of -33 + 32 + (-2 + 0 - 0)?
-3
Evaluate -983 - -988 - (0 + -5 + -1).
11
What is the value of 8 + (6 - 9) - (-4 - -19)?
-10
What is 2 - (-14 - -4 - -4 - -10)?
-2
Evaluate -4 - ((-6 - (2 - 6)) + 2).
-4
Evaluate -4 + -1 + (5 - 